ctors of h.
2
Let v be (2 + -2)/(1 + -2). Suppose 51 = 3*q - v*q. List the prime factors of q.
17
Let a(n) = 4*n**2 - 10*n + 4. Let z be a(8). Let x = z + -106. What are the prime factors of 4/(-10) + x/10?
7
Let o = -14 + 32. What are the prime factors of o?
2, 3
Let g = 106 + -56. What are the prime factors of g?
2, 5
Let d be 2/4 - 5/10. Suppose 4*c - 3 + 15 = d. What are the prime factors of 1/(((-6)/20)/c)?
2, 5
Let l(k) = 100*k**2 - 5*k - 4. What are the prime factors of l(-1)?
101
Let o = 25 - 14. List the prime factors of (8 - 7)/(1/o).
11
Let w = 12 + -6. Suppose 5*d + w = 6*d. What are the prime factors of d?
2, 3
Let t = 5 + -7. Let x be 4/(-12)*(t - 1). Suppose 8 - x = j. What are the prime factors of j?
7
Let p(w) = 4*w - 16. Let i be p(14). Let m = i - 15. List the prime factors of m.
5
Suppose 65*x - 63*x = 286. What are the prime factors of x?
11, 13
Suppose -5*v + 8 = -3*n, 21 = -4*v + 1. Let k = n - -17. List the prime factors of k.
2, 3
Suppose 4*k = 5*z + 114, k - 31 = -2*z - 9. List the prime factors of k.
2, 13
Let m = -37 + 39. List the prime factors of m.
2
Let m = 10 + 24. Let j = m - 6. List the prime factors of j.
2, 7
Suppose -4*q = -20, -5*w + 2*q = -246 - 389. Let y = w - 69. Suppose 0 = 6*f - f - y. What are the prime factors of f?
2, 3
Let p(h) = -16*h + 1. Let o be p(1). Let t be (-2)/(o/9 - -1). What are the prime factors of 2*t - (4 - 4)?
2, 3
Let s be (-2)/3 - (-4)/(-12). Let o = s + 5. List the prime factors of o.
2
List the prime factors of (-6)/(-264)*8 + 2825/11.
257
Let q = 21 - -45. What are the prime factors of q?
2, 3, 11
Suppose -4*a - 106 = 22. Let o = a - -57. List the prime factors of o.
5
Let r = 108 + -31. What are the prime factors of r?
7, 11
Suppose -2*g - 4*g + 696 = 0. What are the prime factors of g?
2, 29
What are the prime factors of ((-21)/9)/(3/(-27))?
3, 7
Let d(h) = -h + 3. Let z be d(-3). What are the prime factors of ((-10)/z)/(2/(-6))?
5
Let t(z) = -z + 17. Let r = 16 - 8. List the prime factors of t(r).
3
What are the prime factors of (2 - -2 - 1)*(-17)/(-3)?
17
Let f = 1 + 0. Let a be f + -2 - (-4 + -2). Suppose -v = -4*p + 15, -p + a*v = 2*p + 10. List the prime factors of p.
5
List the prime factors of (2/(-6))/(11/(-693)).
3, 7
Let r = 6 - -1. What are the prime factors of r?
7
Let y be ((-49)/(-14))/((-1)/6). Let x = -8 - y. List the prime factors of x.
13
Let d(r) = -r**2 + 5*r + 7. Let t be d(6). List the prime factors of t/((-1)/36*-3).
2, 3
Let n be 3/(3/10) - 2. Let k = n + 1. What are the prime factors of 2/k*-6*-3?
2
Let q = 1 - 1. Suppose q = -z - 0 + 12. What are the prime factors of z?
2, 3
Suppose 2*p - 10 = -3*p. Suppose 0 = p*o + o - 60. Suppose 3*s + 2*a = 8*s - 15, 0 = 4*a - o. List the prime factors of s.
5
Suppose -5*o + d + 212 = 0, o + 4*o = -d + 208. What are the prime factors of o?
2, 3, 7
Let t(n) = -n**3 - 3*n**2 - 3. Let c be t(-4). Let v = c + 0. What are the prime factors of v?
13
Let r be 4 - 1*1/(-1). Suppose -r*n + 5 = -5. List the prime factors of 6 + -1 + 2/n.
2, 3
Suppose -3*y = -7*y + 104. What are the prime factors of y?
2, 13
Suppose -4*j - 787 = -5*p - j, p + j = 151. List the prime factors of p.
5, 31
Let x be 14*24/54 + (-4)/18. Let i be 9*(4/2 + -1). Let k = i - x. What are the prime factors of k?
3
Let n be 2 + 4*4/16. Let f(j) = j + 7. What are the prime factors of f(n)?
2, 5
Let k be 70 - (3 - (-2 - -2)). Let x = k - 48. List the prime factors of x.
19
Suppose 0 = -s + 1 + 9. Let a = s - 8. List the prime factors of 4/a + (-12)/(-1).
2, 7
Let f = 58 + -41. Suppose 3*h - f = 2*i + 10, 3*h = -4*i + 27. List the prime factors of h.
3
Suppose u - 2*m + 87 = 242, 4*m + 155 = u. Suppose 6*t - u = t. What are the prime factors of t?
31
Suppose 0 = 4*m - 5*m. Suppose m*z + 5*z - 55 = 5*u, 2*z - 25 = -u. What are the prime factors of z?
2, 3
Let i(c) = -c**2 + c - 1. Let r(m) = 4*m**2 - 10*m. Let v(y) = -6*i(y) - r(y). What are the prime factors of v(-4)?
2, 11
Let m(h) = 15*h + 2. Let i(j) = 330*j + 45. Let t(d) = -2*i(d) + 45*m(d). List the prime factors of t(1).
3, 5
Suppose -k - 126 = -4*k. What are the prime factors of k?
2, 3, 7
Suppose 4*n - 20 = -2*f, 0*f + 3*n = -2*f + 18. Suppose f*o = 2*o. Suppose o = -0*i - 3*i + 12, -5*i + 41 = 3*u. List the prime factors of u.
7
Let f(k) = k**3 - 10*k**2 - 11*k + 9. What are the prime factors of f(11)?
3
Let x(b) = -b - 8. Let r be x(-8). Suppose l - 6*l - 25 = -h, -4*h - 5*l + 175 = r. Let z = -28 + h. What are the prime factors of z?
2, 3
Let m = -24 - -69. List the prime factors of m.
3, 5
Let q(o) = -49*o - 6. What are the prime factors of q(-2)?
2, 23
List the prime factors of 5 - ((-4 - -5) + -124).
2
Suppose 0 = -3*f - 3*i + 750, -f - 5*i = -127 - 127. What are the prime factors of f?
3, 83
Suppose 2*q = -3 - 9. Let b be (-56)/(-6) - q/9. Suppose 2*j - b = -0*j. What are the prime factors of j?
5
Let q be (-9)/(-1 + (-33)/(-42)). Suppose 2*h = -0*h + q. What are the prime factors of h?
3, 7
What are the prime factors of 3/1*8892/108?
13, 19
Suppose 0 = p - 2, d - 5*p = -d - 8. Let r be 2 - 1 - (-2 + d). Suppose r*n + 8*m - 3*m + 19 = 0, 5*n - m = 20. What are the prime factors of n?
3
Suppose -g - 77 = -214. What are the prime factors of g?
137
Let u = 14 + -24. List the prime factors of 4/u + (-124)/(-10).
2, 3
Suppose -6*c + c = -20. Let q = 8 + c. List the prime factors of q.
2, 3
Let p = -11 - -5. Let u = 3 - p. List the prime factors of u.
3
Suppose -5*w + 9 = 2*l, 5*l - l + 4*w = 0. Let b(n) = -n**3 - 2*n**2 + 3. List the prime factors of b(l).
2, 3
Let j(g) = 8*g**2 + 9*g + 6. List the prime factors of j(-3).
3, 17
What are the prime factors of (-2684)/(-14) - 8/(-28)?
2, 3
Let r = 0 - 0. List the prime factors of (3 - r) + (2 - 0).
5
Suppose 0*s - 5*s + 20 = 0. Suppose n + 50 = -s*r, -2*r + 4*n - 21 = -r. Let g = r - -18. List the prime factors of g.
5
Let h(w) = 15*w - 2. Suppose -30 = -5*u - k, 5*k + 17 = -5*u + 47. Let i(a) = 7*a - 1. Let l(j) = u*h(j) - 13*i(j). What are the prime factors of l(-3)?
2
Let a = 3 + -1. Let j be (1 + a)/(0 + -1). List the prime factors of j*3/15*-15.
3
List the prime factors of (-4)/14 - 4179/(-49).
5, 17
Suppose -23 = h + s, -5*s - 1 = -11. Let k = -13 - h. Let u = -5 + k. What are the prime factors of u?
7
Let y(q) = -q**3 - 24*q**2 - 25*q + 1. List the prime factors of y(-23).
47
What are the prime factors of -2 + 10 + -4 - -11?
3, 5
Let i(a) = -a + 2. Let v be i(-5). Let x = -6 - -1. Let p = v - x. List the prime factors of p.
2, 3
Let y = -36 - -52. List the prime factors of (-3)/2*y/(-12).
2
Let i(s) be the first derivative of 3*s**2/2 - 18*s - 5. List the prime factors of i(8).
2, 3
Let n = -135 - -209. Suppose 5*g = -10, c + n = 5*c - 5*g. Suppose 9*y - 4*t = 4*y + 66, 4*t + c = 0. What are the prime factors of y?
2, 5
Let z = -7 - -12. Suppose 5*g - 97 = -4*l, 100 = z*g - 0*g + 5*l. List the prime factors of g.
17
Let z(d) = d + 11. Let u(a) = a**2 - 3*a - 2. Let l be u(5). Let t be z(l). Suppose -t = 2*s - 55. List the prime factors of s.
2, 3
Suppose x + x = 22. Let n(a) = a**3 - 12*a**2 + 12*a - 2. List the prime factors of n(x).
3
Suppose 3*b + 0*b - 9 = 0. Let g be b/6 - 18/(-4). Suppose -3*h - 3*j - 102 = -8*h, 2*h - 37 = g*j. List the prime factors of h.
3, 7
Let g(b) = 2*b**2 - 2*b + 1. Let w be g(2). List the prime factors of (-104)/(-10) + (-2)/w.
2, 5
Let q = -15 - -26. Suppose -5*s + 3*y + 85 = -2*y, 5*y - q = -s. What are the prime factors of s?
2
Let m be (-2)/4 - 38/(-4). Suppose 0*x + x - m = 0. Suppose -g = 2*g - x. What are the prime factors of g?
3
Let k = 6 - 6. List the prime factors of 5 + (2 - (k + -1)).
2
Let z(o) = -5*o**3 + o**2 + 2*o + 1. Suppose -3*l + 6 = -3*y, 3*l + 3*y + 6 + 6 = 0. Let s be z(l). Let h(p) = 2*p - 5. What are the prime factors of h(s)?
5
Let k = -147 + 252. Let t = k - 59. What are the prime factors of t?
2, 23
Let y(s) = -s**2 - 9*s - 5. Let q be y(-8). Let t be 1*q/(-2)*6. Let n(b) = -b**2 - 11*b - 9. List the prime factors of n(t).
3
Suppose -p - 12 = -4*h, -2*h = -2 - 2. Let l = 22 - p. What are the prime factors of l?
2, 13
List the prime factors of 505/15 - (-12)/9.
5, 7
Let m(y) = -21*y - 8. What are the prime factors of m(-8)?
2, 5
Let w = -47 + 79. What are the prime factors of